 p(r) = r**3 - 4*r**2 - 7*r. Let s(o) = o**2 + 2*o - 1. Let b be s(2). Let j be p(b). Suppose 2*a - j - 60 = 0. What is the units digit of a?
9
Suppose 4*l - l = 3*x, 4*l = -x. Suppose -5*s + n + 10 = l, -5*n = -4*s + 7 + 1. What is the units digit of 1*(s - -3) + -3?
2
Suppose 2*z = -2*u + 270 - 0, 6 = -3*u. Suppose -2*i + 161 = 5*k, 0*i = 2*i - 3*k - z. Let s = i - 9. What is the tens digit of s?
6
Let v(d) = d**2 + 12*d + 3. Let f be v(12). Suppose 0 = -3*k - m + f, 0 = 3*k + 2*k - 2*m - 485. What is the tens digit of k?
9
Let o be (-114)/12 + -3 - (-3)/2. Suppose 109 = 5*i + k - 39, 3*i + 5*k = 102. Let d = i + o. What is the units digit of d?
8
Let f(o) = 77*o + 40. Let d be f(8). Suppose 2*p = 5*h + 245, -5*p + h - 3*h + d = 0. What is the units digit of p?
0
Let s be (-11 + 5)*(-3)/2. Let x = 9 - s. What is the units digit of (0 - 2) + x + 43?
1
Let q(a) = -a + 9. Let g be q(5). Suppose 11 = g*p - 5. Suppose 0*m + 2*w = m - 8, -2*w + 32 = p*m. What is the units digit of m?
8
Let o(j) = -j - 1. Let q be o(8). Let y = 7 + q. What is the units digit of 218/9 - y/(-9)?
4
Suppose -84*z = -79*z - 19745. What is the tens digit of z?
4
Let o be 5/7 + 12/42. What is the tens digit of (-1 + o/2)/(7/(-658))?
4
Suppose -3*w - 18 = -12*w. Suppose 4*g - 3*g + w*r = 116, -r + 112 = g. What is the hundreds digit of g?
1
Suppose 11*o - 7*o - 1008 = 0. Suppose -252 = -p + 2*b, -6*p + 7*p = b + o. What is the units digit of p?
2
Suppose 0 = 23*r - 2097 - 3078. What is the units digit of r?
5
Suppose -6315 = -127*q + 122*q. What is the tens digit of q?
6
Let l be (-4781)/(-9) + -5*(-12)/(-270). Suppose -l = -2*u + 105. What is the units digit of u?
8
Let j(c) = -149*c**2 + c + 2. Let s be j(-1). Let m = -84 - s. What is the units digit of m?
4
Suppose -4*m + 89 = 4*b - 27, 0 = -4*m - 3*b + 111. What is the tens digit of m?
2
Let b(k) = k**3 + 6*k**2 + k + 8. Let y be b(-6). Suppose y*n = -3*n + 25. What is the units digit of (-16)/n*(6 - 11)?
6
Let z(b) = b**2 - 5*b - 13. Let x be z(7). Let v(r) = 2 - 4 - x - r + 4. What is the units digit of v(-1)?
2
Let z(b) = -b**2 - 56*b - 273. What is the tens digit of z(-18)?
1
Let u be (-60)/(-5) + -3 + -2. What is the tens digit of 152/2 + (u - 5)?
7
Suppose -540 = -26*z + 21*z. Let y = 60 + 2. Let c = z - y. What is the units digit of c?
6
Suppose -4*h = -4*s + 65 + 395, -5*h - 560 = -2*s. Let v = h - -259. What is the hundreds digit of v?
1
Let z(l) = 241*l**2 - 23*l - 44. What is the tens digit of z(-2)?
6
What is the units digit of 26/39 - 1100/(-6)?
4
Suppose 4*t = 97 + 31. Suppose 2*w - 4 = -2*w, -5*z + 2*w - t = 0. Let c = 5 - z. What is the units digit of c?
1
Let q be 76/(-28) + 4/(-14). Let y be (q + 2)*(-399)/(-7). What is the units digit of y/(-6) + 2/(-4)?
9
Suppose 9*q = 3816 - 630. What is the units digit of q?
4
Suppose -36 = 3*n + n. Let t = n - -17. Let v = t + 9. What is the tens digit of v?
1
What is the tens digit of (-1153)/(5/10*-2)?
5
Suppose 2*r = 0, -r + 1 - 3 = u. What is the tens digit of 915/4 + u/(-8) - 3?
2
Let x be (8 - 6)*(-74)/(-4). Suppose -5*d - 5*f = -275, -5*f = -5*d + 4*d + x. Let m = -26 + d. What is the tens digit of m?
2
Let m(t) = 3*t**2 + 7*t + 4. Let n be m(-4). Let b(a) = a**2 - 24*a + 32. What is the tens digit of b(n)?
3
Suppose 12 = 6*f - 10*f. Let m(y) = 5*y**2 + y + 7. What is the units digit of m(f)?
9
Suppose -14 = -9*s + 40. Suppose -a = -4*k - 119, -10*a - k = -s*a - 459. What is the units digit of a?
5
What is the units digit of (-9264)/(-15) + (-10)/(-25)?
8
Suppose -2 = 2*b - 10. Let u(k) = -1 - 2*k + 12*k + 0. What is the units digit of u(b)?
9
What is the units digit of (8/14 + 29/(-14))*-1058?
7
Suppose 3*s - 264 - 78 = 0. What is the hundreds digit of s?
1
What is the tens digit of 11502/45*(-50)/(-20)?
3
What is the thousands digit of 75116/16 - (-15)/(-20)?
4
Let i be ((-153)/(-6))/(15/350). Suppose -9*k + 4*k = -i. What is the tens digit of k?
1
Suppose -b - s = -121, -5*s = 5*b - s - 600. Suppose 2*j + 4*o - o = 0, 2*j - 2*o - 10 = 0. Suppose j*m - b = -17. What is the tens digit of m?
3
Suppose 3*s - 1313 = 2*l, -6*l + 10*l - 447 = -s. What is the tens digit of s?
3
Let n = -124 + -640. Let r be (-4)/(-18) + n/36. What is the units digit of r/(-9) + (-1)/3?
2
Let f = 9875 - 6453. What is the units digit of f?
2
Suppose -103 = 12*v + 353. Let n = 52 + v. What is the tens digit of n?
1
Suppose -19 - 16 = -7*b. Let q = 133 + -71. Suppose b*a + q = 247. What is the tens digit of a?
3
Suppose 17*p - 49*p = -35840. What is the units digit of p?
0
Let s(k) = -k**2 - k**2 - k + k**2 + 5*k. Let r be s(2). Suppose 127 = 3*y - 0*y - r*x, y = -5*x + 36. What is the tens digit of y?
4
Let p(s) = -7 - s**2 + 14 + 5*s + 3*s**2 - s. Let x(h) = -2*h + 6. Let k be x(6). What is the tens digit of p(k)?
5
Suppose -3*g - 5*f + 3666 - 511 = 0, -3*g + 2*f = -3169. What is the hundreds digit of g?
0
Let n(w) = -w**3 - 15*w**2 - 28*w - 10. Let h be n(-13). Suppose -4*d = h, 0*a = -4*a - d + 120. What is the tens digit of a?
3
Let n(l) = 24*l**2 + 6*l + 6. Let b be n(-5). Let z = -77 - 1. What is the tens digit of 12/z + b/26?
2
Let j(f) = 39*f**2 + 4*f + 2. Let o(t) = 39*t**2 + 3*t + 1. Let q(w) = -4*j(w) + 5*o(w). Let y be q(3). What is the tens digit of y/9 - (-1)/(-3)?
3
Let b = -6 - -6. Let a be -6*1/(-2) - b. Suppose 46 = 5*k + 2*w - 10, -6 = a*w. What is the units digit of k?
2
Suppose 0 = 9*x - 5*x - 8. Let r(o) = 35*o**2 - 3*o**x - 2 + 14*o**2 - o. What is the units digit of r(-1)?
5
Suppose 5*j + 15 = -b, -2*j = -2*b - 3*b + 33. Suppose 4*h - 2 = 6*h, b*h - 31 = 2*k. What is the units digit of ((-24)/k)/((-4)/(-30))?
0
Let k = 64 + -62. Let j(l) = 2*l**2 + 2*l - 2. What is the units digit of j(k)?
0
Let s(b) = -21*b**2 - 4*b. Let n be s(2). What is the units digit of 8/(-3)*3381/n?
8
Suppose -u - 19 = -3*m, -29 - 5 = 2*u - 4*m. Let n(z) = -z**2 - 15*z + 4. What is the tens digit of n(u)?
3
Let q = -7 + 9. Suppose -3*i + 5*p = p + 11, q*p = 5*i + 37. What is the units digit of ((-42)/4)/(i/12)?
4
What is the hundreds digit of ((-18)/(-6) + -1540)*(1 + -2)?
5
Let u(c) = -2*c + 28. Let w(z) = z**2 + 2*z + 3. Let n(h) = -2*h**2 - 5*h - 6. Let a(j) = -6*n(j) - 13*w(j). Let l be a(3). What is the tens digit of u(l)?
2
What is the tens digit of -1 + (-41)/2*-2?
4
Suppose -6*r + 3*r + 21 = 0. Let z be 123/9 + 2/(-3). Suppose 2*i - z - r = 0. What is the units digit of i?
0
Suppose 0 = -5*m - 2*p - 4, 2*p + 3*p - 15 = 0. Let c be 0*3/12 + m. What is the units digit of (-4 + c)*-2 + -2?
0
Let w = -3 - -65. Suppose 3*a = 6, y + y - w = 3*a. Let h = y + -23. What is the tens digit of h?
1
Suppose -w + 2*a - 24 = 0, 6*a - a - 110 = 5*w. Let h = w + 51. What is the units digit of h?
1
Let h(n) = n + 3. Suppose 5*g + 21 = 6. Let c be h(g). Suppose 2*l - 46 = -3*y - y, c = -5*y + 3*l + 85. What is the tens digit of y?
1
What is the thousands digit of (8 - (4 - -5))*-3005?
3
Suppose 0*o - 5*n - 1007 = -o, o - 2*n = 1010. What is the thousands digit of o?
1
Let f(b) be the third derivative of 11*b**8/10080 + b**7/5040 - b**5/5 - 5*b**2. Let m(g) be the third derivative of f(g). What is the units digit of m(1)?
3
Suppose -4*g + 56 = -0*g. Let l be (g/(-3))/((-10)/195). Let f = l + -59. What is the units digit of f?
2
What is the thousands digit of (-174)/((-11)/572*4)?
2
Suppose -5 = -5*b - 4*y + 42, 5*y = -4*b + 34. Suppose 10*m + 44 = b*m. What is the tens digit of m?
4
Let n(o) = -o**3 - 18*o**2 - 18*o. Let i be n(-17). Suppose -4*d + 5*s = -2*d - i, -2*d - 4*s = -8. What is the units digit of d?
6
Let g be (-12)/(-102) - 132/(-34). Suppose -g*v = -0*v - 168. What is the units digit of v?
2
Let c = -63 + 68. Suppose 295 = -5*l - 2*v + 1647, 5*v = c. What is the tens digit of l?
7
Suppose 4*k + 3*r = 28, 5*k - 1 = 4*r + 3. Suppose -k*b + 46 + 14 = 0. Let m = b - -17. What is the tens digit of m?
3
Let r(j) = -j**2. Let y be r(2). Let d(a) = -a**3 - a**2 + 2*a - 4. What is the units digit of d(y)?
6
Let o = -17 + 22. Suppose 2*b - 18 = -3*d - 2, 4*d + o*b - 33 = 0. Suppose -d + 5 = 3*x, -n + 20 = -5*x. What is the units digit of n?
5
Let o be 7 + 248 - (-6)/(-2). Suppose -3*t + o = t - 4*v, -4*v = -2*t + 126. What is the tens digit of t?
6
Let u = 5 + -19. Let s = -13 + u. Let 